 z be (-3*(3 + 5))/(-2). Let x(a) = 2*a**2 - 3*a - 53. Let u be x(8). Suppose 33 + u = z*k. What is the greatest common divisor of k and 77?
7
Let j(x) = -16*x - 5. Suppose -9*k + 35 = -136. Suppose -k*y = -7*y + 12. Let l be j(y). What is the greatest common factor of l and 11?
11
Suppose 4*h + 4041 - 4209 = 0. Calculate the highest common factor of 4494 and h.
42
Let k = 200 + -163. Let h(i) = -7*i + 9. Let a = 89 + -93. Let g be h(a). Calculate the highest common factor of k and g.
37
Let j be (2 - 1)*32 + -1*2. Suppose 0 = -3*t + 579 + j. What is the greatest common factor of t and 29?
29
Let y be (-288 + 1)*(-888)/84. What is the highest common divisor of 148 and y?
74
Let n = -796 - -1456. Suppose n = -24*b + 46*b. Calculate the greatest common factor of b and 165.
15
Suppose 100*q = 211*q - 67488. Calculate the greatest common divisor of 361 and q.
19
Suppose 0 = -g - 8*g + 108. Let o be ((-90)/12)/(-1 + 3/12). Let l be 125/o + (-1)/2. What is the highest common factor of l and g?
12
Let r be -3 + 2 + (-4 - 1 - -180). Suppose -r = -8*a + 546. Calculate the greatest common divisor of a and 40.
10
Let r(g) = -269*g + 2214. Let t be r(8). Calculate the highest common divisor of t and 4061.
31
Let r(k) = -k**2 + 122*k - 110. Let n be r(25). What is the highest common divisor of 5 and n?
5
Suppose 3*f - f + 32 = 0. Let u(n) = 3*n - 35*n + 19*n + 25 + 2*n + 5*n. Let j be u(f). What is the greatest common divisor of j and 11?
11
Suppose 25 + 13 = 2*t. Let x = 3 + t. Let w be 5/(-20)*4/1 + 221. What is the greatest common divisor of w and x?
22
Suppose h = -1, -o - 4*h = o - 26. Suppose 16*b - o*b - 67 = 3*n, 216 = 4*b + n. Calculate the greatest common factor of 22 and b.
11
Let z be (-225)/(-180)*(1 + 7)/2. Suppose n - 60 = -z*k - 14, 4*n = -5*k + 34. What is the highest common divisor of 70 and k?
10
Let h = -159 - -161. Suppose 3*o - 57 = -5*y, -5*y - 17 - h = -o. Calculate the highest common factor of o and 38.
19
Let b be 18*(861/84)/(1/(-2)). Let y = 376 + b. Calculate the highest common factor of 161 and y.
7
Let l be 5/(-15)*-15*6/2. Calculate the greatest common divisor of 80 and l.
5
Let c(r) = -16*r + 325. Suppose -28*q + 12*q + 11*q = 0. Let p be c(q). What is the highest common divisor of p and 50?
25
Suppose -4*u - 44 = 2*w + w, 0 = 3*u + 5*w + 33. Let v(d) = d**2 + 10*d + 29. Let h be v(u). Let r = 55 - h. Calculate the greatest common factor of r and 30.
15
Suppose 2*g + 5*x + 143 + 84 = 0, -x = 3*g + 360. Let h = -86 - g. Let n = -13 + 28. What is the greatest common factor of n and h?
5
Let w(x) = x**2 - 27*x + 24. Let o be w(11). Let u = 184 + o. Let z be 1535/6 - (-1)/6. What is the highest common factor of z and u?
32
Let a(g) = 18*g. Let w be a(7). Suppose 0 = 23*p + 45 + 1. Let l be (-21)/((-19)/(-57)*9/p). Calculate the highest common divisor of w and l.
14
Let h = -231 - 214. Let r be 75/90 - h/6. Calculate the greatest common divisor of r and 100.
25
Let h(j) = 7*j + 16. Let f be h(10). Let u = 124 - 81. Calculate the greatest common divisor of u and f.
43
Let k = -42 - -100. Let z be (-1)/(-12) - (-8 - 95466/72). What is the greatest common factor of z and k?
58
Suppose 0 = -r + 5 + 2. Let i(q) = -5*q**3 - 203*q - 667. Let p be i(-3). What is the greatest common factor of p and r?
7
Suppose -8*a = -2*a - 798. Let l = a + -99. Calculate the greatest common factor of l and 2.
2
Let g = -2390 + 2423. What is the highest common factor of 2 and g?
1
Let y = 29732 + -15524. What is the highest common divisor of y and 222?
222
Let i(p) = -p**2 - 65*p - 379. Let c be i(-49). What is the greatest common divisor of c and 360?
45
Let l(f) = 32*f**2 - 21*f**2 + 3*f - 17*f - 162 - 12*f**2 - 17*f. Let g be l(-8). Calculate the highest common factor of 22 and g.
22
Suppose 3*c - 5*c - 4*q = -35810, -89498 = -5*c - q. What is the greatest common factor of 7 and c?
7
Let y be (-3)/(((-6)/226)/(72 - (8 - 3))). Calculate the greatest common divisor of y and 113.
113
Suppose 5*y + 3437 = -4*c + 35156, y - 39675 = -5*c. Calculate the greatest common divisor of c and 128.
128
Let g be (78/65)/(0 + (-9)/30). Let t(o) = -2*o**2 - 8*o + 5. Let b be t(g). Let y be (-920)/23*(-18)/b. Calculate the highest common divisor of 18 and y.
18
Let b(k) = 27*k**2 + 7. Let u(w) = 80*w**2 + 20. Let p(c) = 16*b(c) - 5*u(c). Let f be p(-3). Calculate the greatest common divisor of 12 and f.
12
Let f = -49 - -71. Let t be (6/(-9))/(f/(-495)). Let k = 88 - -47. What is the greatest common divisor of k and t?
15
Let y(c) = 10*c**2 - 48*c + 26*c + c**3 + 31*c. Let g be y(-9). Suppose -l + g*l = f - 11, 4*l - f - 24 = 0. Calculate the highest common factor of 63 and l.
7
Let p be (-11)/((-2)/(-4)*-1). Let d be (-17)/((-34)/50) + (-20)/(-4). Suppose p = b - d. What is the greatest common divisor of b and 13?
13
Suppose -3*s + 5*i + 80 = 2*s, 5*i + 67 = 4*s. Let p = 13 + s. Suppose -31*k + p*k = -320. What is the greatest common factor of k and 96?
32
Let f be (-49)/(-35)*5 - -1404. What is the greatest common divisor of 17 and f?
17
Let g be (-3 + -2 + 8)*24. Let o(q) = 11*q - 9. Let a be o(3). What is the highest common factor of a and g?
24
Suppose 0 = 3*x - 10 - 5. Suppose -524*p + 241937 = 89*p - 198. Calculate the greatest common divisor of p and x.
5
Let m(d) = -9*d + 173*d**2 + 177*d**2 - 29 - 351*d**2 - 18*d. Let q be m(-24). Calculate the greatest common factor of q and 473.
43
Let m be 1/(4/14)*130. Let v be m + 1 - 96/16. Calculate the highest common factor of 18 and v.
18
Let o = -18 - -28. What is the greatest common factor of 3670 and o?
10
Let b be (52/32 - (-24)/(-192))*(-11)/(33/(-42)). Let k be 476*(-1 + (-7)/(-4)). Calculate the highest common divisor of b and k.
21
Let p = -363 - -713. Calculate the highest common factor of p and 525.
175
Let g(j) = -20*j + 130. Let w be g(6). Let r be (-39)/(-9) - 4/(-6). Let a be -7 + r - (-1 + -71). What is the highest common factor of a and w?
10
Let y(n) = n**3 - 14*n**2 + 24*n - 1. Let u be y(12). Let m be u/4 - (10 - (-447)/(-12)). Calculate the greatest common factor of m and 189.
27
Let q = 183 + -216. Let y = 32 - -22. Let m be 2*q*(-81)/y. Calculate the greatest common factor of 9 and m.
9
Let f be (-5484)/(-8)*(7 + 9/(-1)). Let r = -742 - f. Calculate the greatest common divisor of r and 17.
17
Suppose 21*y - 132 = -12*y. Let g be 145 + y/((-24)/30). Calculate the highest common factor of g and 40.
20
Let d(v) = v + 12. Let h be 4/(-6) + (-30)/(-45). Let i be d(h). Calculate the greatest common factor of 4 and i.
4
Let b be (-15)/120*-104 - -2. What is the highest common factor of b and 12135?
15
Let g be (-6)/9*(-1 + (-582 - -7)). What is the greatest common divisor of 66 and g?
6
Suppose 0 = -4*u - v + 541, -3*u - 2*v + 362 + 45 = 0. Suppose -179*g - 10620 = -356*g. What is the greatest common factor of u and g?
15
Suppose -60*w + 798080 = 22*w - 24*w. What is the highest common factor of 24 and w?
8
Suppose r - 4*r + 432 = 0. Suppose -4*h + 148 = 3*s, -12*s + 8*s - 2*h + 194 = 0. Calculate the highest common factor of r and s.
48
Let c(a) = a**3 - 13*a**2 + 6*a - 70. Let t be c(13). Suppose -2*y - 24 = -5*y. Calculate the highest common divisor of t and y.
8
Let s(n) = -205*n + 986. Let k be s(-18). What is the greatest common divisor of 28 and k?
28
Let c(p) = 35*p**3 - p**2 - p - 7. Let d be c(3). Let r = d - 919. Calculate the greatest common factor of r and 5.
1
Let k(z) = z**3 + 6*z**2 + 8*z + 3. Let f = -43 + 40. Let a be k(f). Suppose -9*h + 3 = -a*h. What is the highest common divisor of 1 and h?
1
Let k = -902 - -1088. Suppose 5*u - 4*g - 511 = 0, -3*g = 9*u - 7*u - k. Calculate the greatest common factor of u and 88.
11
Suppose -4943 = -8*z - 7*z - 1463. What is the highest common divisor of z and 3944?
232
Let a(u) = -u**2 + 10*u + 13. Let f be a(-8). Let y = 221 + f. Calculate the greatest common divisor of y and 60.
30
Let k = 671 + -74. Suppose -2*z - 2*z = -3*l + 367, -3*z - k = -5*l. Calculate the greatest common factor of 26 and l.
13
Let j be 14/7 + (-3 - 616) + 3. Let z = 647 + j. What is the greatest common divisor of z and 253?
11
Suppose 144*a - 142*a + 5*q = 3545, 5313 = 3*a + 3*q. What is the greatest common factor of 236 and a?
118
Let l(k) = 36*k. Let b be l(5). S